 - 7) + 2.
-6
Evaluate -6 + (7 - (8 - 3)).
-4
What is the value of 4 - 2 - ((4 - -7) + -5)?
-4
What is 7 + (1 + -8 - (-5 + 3))?
2
Evaluate (5 - 4) + -4 + -2 + -1.
-6
What is the value of -11 - (1 + -9) - -8?
5
Evaluate 3 + 1 - (8 - (5 - -1)).
2
Evaluate -4 + 7 + (-11 - -4 - -12).
8
Evaluate (-31 - -39) + (1 - 6).
3
-8 + (-2 - 6 - 0) + 6
-10
What is the value of -14 - -14 - (2 - 11)?
9
Calculate 7 - (-12 - -9 - -3).
7
What is the value of (6 + 8 - 5) + -15?
-6
What is the value of -3 - -1 - (-3 - (1 + -1))?
1
Calculate -18 - (-1 - (8 + 6 + -7)).
-10
What is -218 - -208 - (0 - 1)?
-9
Evaluate (-1 - (4 + -2)) + 106 + -100.
3
What is the value of (-1 - 4) + -6 + 8 - -4?
1
Evaluate -7 - (-8 - -4) - -8.
5
Evaluate 4 + -13 - ((0 - -5) + -11).
-3
What is -5 - (-1 + -1 - (-14 + 19))?
2
-8 + (5 - -2 - (4 - 0))
-5
What is (-1 - -2) + (15 - 13)?
3
Evaluate -1 + 2 + 1 + (-11 - -11).
2
Evaluate -2 - (14 + -17 + 0 + 5).
-4
What is the value of 18 - (24 + -1 - 10)?
5
Evaluate -18 + 13 - (-1 - -3).
-7
7 + 1 + (25 - 33)
0
Calculate (-11 + 6 - 1) + 10.
4
What is 6 - (-5 + 6) - 10 - -10?
5
What is 4 + -4 + -1 - (1 + 3)?
-5
Evaluate 4 - ((-4 - 0 - 3) + 6).
5
Evaluate 1 + -5 - (-5 - -8 - 2).
-5
Calculate 8 + -6 + -1 + 4.
5
Calculate (4 - 0) + -2 + 0 + -6.
-4
Evaluate 17 + -19 + -2 + 1 + 4.
1
Calculate 5 - (-6 - -2 - -11 - -8).
-10
11 + -24 - (-9 + 7 + -4)
-7
What is (-4 - (-2 + -3)) + -1?
0
What is the value of -5 - (11 + (-9 - -1))?
-8
What is 0 + -3 + -2 - -4?
-1
Evaluate -7 + -2 + 4 + 9 + -7.
-3
-13 + 1 - (-214 - -210)
-8
Evaluate 13 + ((-6 - -4) + 10 - 15).
6
Calculate 18 + -10 + 10 + -12.
6
Calculate -8 + 2 - (-44 - -35).
3
What is (-6 - -3) + (8 + -15 - -16)?
6
-7 + (4 - ((0 - 4) + 3))
-2
3 - (-1 + 9) - 1 - -1
-5
What is (2 - 10) + 5 - (0 - -2)?
-5
What is -9 + 9 + 7 + -12?
-5
Calculate (-27 + 13 - -2) + 2.
-10
Calculate -1 - (2 + -3 + 2 - 3).
1
3 - ((-2 - 1) + (11 - 8))
3
What is (74 - 68) + (-5 - (0 + 2))?
-1
What is 0 + -8 + 2 + 6?
0
What is the value of 5 + (2 - 0) + 67 + -69?
5
What is the value of (5 - (5 + -6)) + -3 + -4?
-1
1 + -8 + (13 - (2 - -6))
-2
Evaluate 11 + -8 + 1 + -4 - -5.
5
What is the value of -2 - (1 + (2 - 5) + 2)?
-2
What is 8 + -2 + 8 + -9?
5
Evaluate -3 - ((-10 - -6) + -3).
4
Calculate -8 + 6 - -8 - (-4 + 16).
-6
Calculate (-33 - -33) + (-2 - (-4 - 1)).
3
Calculate 9 + 4 - (20 + -12).
5
Calculate 8 - 6 - (1 + -6).
7
Calculate -9 - (-6 + 8 + -6).
-5
0 - -6 - (55 + -51)
2
What is 2 + -2 + 3 + (2 - 3)?
2
What is the value of (4 - ((-1 - -2) + 4)) + -1?
-2
-1 + 0 + (11 - 12) + 1
-1
5 + -2 + 11 + -6 + -12
-4
What is (6 - 12) + (-2 - -13)?
5
-11 + 3 + -7 + (1 - -4)
-10
Evaluate -2 - -4 - (2 - (-3 - -4)).
1
-2 - 5 - (-10 - -6)
-3
What is the value of -9 + (-11 - -9) - -11?
0
Calculate -4 + -3 - (2 + (-8 - -2)).
-3
What is 0 + -1 + -2 + 5?
2
7 + (3 - (0 - -7))
3
What is (-10 - -7 - 4) + (12 - 0)?
5
What is 3 + 3 + (-4 - -1)?
3
Evaluate (0 - -1) + 1 + -3.
-1
What is (41 - 45) + (0 - -4)?
0
Calculate 1 - -3 - (-2 + (0 - -1)).
5
What is the value of 10 + -4 + 1 + -16?
-9
What is the value of -4 + (4 + -4 - -4 - 1)?
-1
-11 + 13 - (4 - 3) - 11
-10
Evaluate 9 + -1 + -1 + 1 + 1.
9
Evaluate 7 + 5 + -5 + -4.
3
Calculate (-30 - -26) + -2 + 0.
-6
What is the value of 5 + -1 - (17 - (24 + -14))?
-3
5 - (-1 - (3 - 10))
-1
Calculate -4 + -2 + 2 - 0.
-4
What is -4 + (3 - 3) - (-6 + 3)?
-1
-1 + (-3 + 14 - -1 - 2)
9
Evaluate 1 - (-3 + 2 + 4).
-2
What is -2 + (9 - 10) - (-1 + -8)?
6
-81 + 79 - (6 + 2)
-10
What is the value of 0 - (3 + 3 + -10)?
4
(0 - 1) + (2 - 1) - 0
0
(5 + -6 - 3) + (4 - 0)
0
Evaluate -5 - -10 - (7 + 2).
-4
4 + -8 + 15 + -3
8
What is (-3 - 1 - (9 + -14)) + -4?
-3
What is 1 - 4 - (-3 + -3 + 8)?
-5
Calculate 20 + -17 + (2 - (-2 - -9)).
-2
What is -10 + 1 - (-19 + (-5 - -19))?
-4
What is the value of (3 - (2 + 0 - 5)) + -3?
3
4 - (-1 + 3) - 1
1
What is (23 - 24) + (0 - -2) + 0?
1
What is -6 + -1 + 11 + -4 + 7?
7
What is 4 - (4 + -8 + 1 + 2)?
5
What is 13 - (16 - (9 + (4 - 5)))?
5
Calculate 2 + 1 + -10 + (19 - 14).
-2
What is the value of -4 - (2 - (5 + 2) - -2)?
-1
Calculate (2 - (1 + 0)) + (-1 - -2).
2
Evaluate 0 + -1 + 8 + 0.
7
What is (2 - (2 + -1)) + -9 + 13?
5
What is the value of -3 + (2 + (-4 - -2) - -1)?
-2
-52 + 65 + 2 + -6
9
(-6 + 2 - -4) + 3 + -4
-1
14 + -8 - (12 + -1 - 4)
-1
Calculate 3 + (2 - 0 - 1).
4
Calculate 7 + 0 + (-24 - -25).
8
What is 2 + (-1 - 2) - 1?
-2
What is the value of 0 - (2 - (-2 + 1))?
-3
What is -3 - (5 + (-6 - -2))?
-4
2 - (3 + -5 - (-5 - -1))
0
What is the value of 4 + 0 + (5 - (-4 - -12))?
1
-1 - (-6 + (-5 - -2) + 3)
5
(0 - (-4 - -4) - -1) + 3
4
0 + 0 - (-9 + 14)
-5
Evaluate (40 - 52) + 8 + -1.
-5
What is (-2 - 1) + (2 - 2) + -1?
-4
Calculate 0 - (1 + -4 + 4 + -3).
2
What is -4 + 3 - (-7 - -5)?
1
-8 - (-6 + 1 - 0)
-3
(-2 - 0) + (-4 - -2 - -5)
1
0 + 7 + -13 - (-2 - 2)
-2
What is the value of -8 + 3 + 2 + -2 + 2?
-3
-1 - (0 + 0 + -2) - 2
-1
Calculate 5 + (-2 - (8 + -19) - 11).
3
Calculate 5 - 1 - (7 + 0 + -1).
-2
0 - (6 + -9) - -2
5
Calculate (-4 - -8) + (-2 - 2).
0
Calculate (1 - (9 - 4 - 0)) + -1.
-5
Calculate -4 + 3 + 1 - -3.
3
What is 0 - -3 - (-28 - (-19 + -3))?
9
Evaluate (-2 - -21 - 10) + -6.
3
What is the value of -1 + (-1 - (8 + -7))?
-3
What is the value of 0 + (-1 - 0) + -7 + 11?
3
What is (-5 - 1 - (11 - 13)) + 6?
2
Calculate 4 + (-4 - -1) - (4 - 9).
6
What is the value of -4 + 5 + (0 - 2) + -4?
-5
Calculate -3 - (0 - 4 - -3).
-2
What is the value of -1 - 2 - (3 + 1 - 3)?
-4
What is -5 + (-7 - ((7 - 11) + -5))?
-3
Calculate (5 - (-4 - (-1 - 3))) + 0.
5
What is the value of -3 - (8 + -3) - -1?
-7
1 + (-4 - -4) + -3
-2
What is the value of 12 + -23 + 7 - (-2 + 0)?
-2
What is (1 - (-2 + 3)) + 1 - -2?
3
11 + -9 + (6 - 5)
3
What is 0 - 3 - (-8 - -7)?
-2
What is the value of (-3 - (-1 - 1)) + 4?
3
What is the value of (-2 - (1 - (-5 - 1))) + 3?
-6
What is 36 - 41 - (2 + -9)?
2
Calculate 9 - 11 - (-1 - -4).
-5
-1 + (-3 + (-4 - -4) - 1)
-5
-3 - -13 - 4 - (1 + 10)
-5
Calculate 3 + -1 + -2 - 4.
-4
What is 3 - 1 - (-10 + 15)?
-3
Evaluate -1 + 1 + 3 + -8.
-5
What is the value of 2 + 0 + (-2 - 6 - -9)?
3
Evaluate (20 + -7 - -1) + -12.
2
(7 - 3 - -6) + -13
-3
Calculate -15 - -12 - (3 + -10).
4
Evaluate 15 + (-6 - -4) + -6.
7
1 - (0 - -1) - 0 - -3
3
What is -13 + 12 + (1 - 2)?
-2
What is the value of -1 - (0 + -1 - -3 - 7)?
4
Evaluate 2 + (8 - 1) + 0 + -4.
5
Calculate -7 + (6 + -3 - (3 + -4)).
-3
What is the value of -4 - (-1 - 0 - (1 - 4))?
-6
8 + (4 - 3 - -2 - 6)
5
What is (-1 - (-5 + -4)) + (7 - 22)?
-7
What is the value of 1 - 3 - 1 - (-3 + 0)?
0
Evaluate 0 + 1 + -4 + 5 - 0.
2
Calculate -17 + 1 + (-10 + -3 - -19).
-10
Calculate 1 + (-4 - -2 - (-2 + -1)).
2
Calculate -2 + (1 - (2 - 3)) - 1.
-1
(3 - (-1 + 2)) + -1 - -3
4
1 + -14 + 5 + 3
-5
0 - ((-14 - (0 - 8)) + 13)
-7
Evaluate (-2 - (4 - 5)) + 4.
3
Calculate 8 - 4 - (9 - (-3 + 8)).
0
-3 - 5 - (-9 + 11) - -7
-3
What is the value of (-2 - (2 - -1)) + 0?
-5
What is the value of 2 - (4 - (-4 + -1 + 3))?
-4
(0 - 4) + 0 + 0
-4
What is the value of 8 - (10 + -12 - (-3 - 9))?
-2
What is -1 - -7 - (2 + 3) - 7?
-6
What is the value of -10 + -7 + -6 + 17?
-6
Evaluate 7 + (-4 - (-4 + 6)).
1
What is the value of (5 - 1) + 6 + -9?
1
What is -2 + 10 + -5 - (-2 + 5)?
0
What is -2 - (-2 - (0 + 1))?
1
Calculate -17 - (19 + -34) - (-1 - 1).
0
What is the value of -1 - (9 - 5) - (-2 - 0)?
-3
1 + -7 + (11 + -8 - 1)
-4
Evaluate (-6 - (-2 - 0)) + (2 - 3).
-5
What is the value of 1 - (1 + -3) - (1 + 4)?
-2
(-2 - -6) + (-3 - 1)
0
What is the value of -1 - (6 + -11 - (-1 - 0))?
3
Evaluate -1 + -3 + 0 + 5 + 3.
4
Evaluate (-4 - -7) + (1 - -5) - 2.
7
Calculate (3 - 2) + 0 + 5 + -9.
-3
2 + 0 + -4 + (3 - 5)
-4
4 + 0 + -11 + 14
7
What is 11 + -7 - 3 - 5?
-4
What is 1 - (2 + 0) - 3 - -3?
-1
Calculate 8 + -2 + 4 + -9.
1
What is (-8 - (2 + -2)) + (-5 - -9)?
-4
What is 1 - 1 - (4 + -1)?
-3
14 - (18 - 12) - 4
4
(-1 - -6) + -22 + 18 - 3
-2
What is the value of -7 - (-1 - (-8 - -16))?
2
Evaluate 3 - (-1 - (-2 - -2 - 2)).
2
What is the value of -5 + 2 + -1 + 2 - -3?
1
Evaluate -8 + 5 - -4 - (-3 - -6).
-2
Evaluate -7 + (6 - -1) - (1 - 0).
-1
24 + -25 - (1 + -11)
9
Calculate (1 - 2 - -2) + 4.
5
Calculate (-1 - 0) + (6 - 0).
5
Calculate -9 + 5 - (-3 + 0) - 2.
-3
What is the value of -2 + (6 - 1) + -